tors of 19933.
31, 643
What are the prime factors of 16920?
2, 3, 5, 47
List the prime factors of 21518.
2, 7, 29, 53
What are the prime factors of 1262?
2, 631
List the prime factors of 51645.
3, 5, 11, 313
What are the prime factors of 3535?
5, 7, 101
List the prime factors of 1930.
2, 5, 193
What are the prime factors of 26976?
2, 3, 281
What are the prime factors of 14040?
2, 3, 5, 13
List the prime factors of 4996.
2, 1249
List the prime factors of 9829.
9829
List the prime factors of 544.
2, 17
List the prime factors of 56810.
2, 5, 13, 19, 23
List the prime factors of 545.
5, 109
List the prime factors of 5622.
2, 3, 937
List the prime factors of 650.
2, 5, 13
What are the prime factors of 19666?
2, 9833
What are the prime factors of 31781?
61, 521
What are the prime factors of 39894?
2, 3, 61, 109
What are the prime factors of 277?
277
List the prime factors of 1481.
1481
List the prime factors of 187.
11, 17
List the prime factors of 13944.
2, 3, 7, 83
List the prime factors of 2271.
3, 757
List the prime factors of 772.
2, 193
List the prime factors of 1116.
2, 3, 31
List the prime factors of 17897.
11, 1627
List the prime factors of 663.
3, 13, 17
What are the prime factors of 7464?
2, 3, 311
What are the prime factors of 3850?
2, 5, 7, 11
List the prime factors of 14533.
14533
What are the prime factors of 59137?
13, 4549
List the prime factors of 382.
2, 191
What are the prime factors of 1686?
2, 3, 281
What are the prime factors of 7698?
2, 3, 1283
What are the prime factors of 8983?
13, 691
What are the prime factors of 3771?
3, 419
What are the prime factors of 3667?
19, 193
List the prime factors of 1633.
23, 71
What are the prime factors of 839?
839
What are the prime factors of 6485?
5, 1297
List the prime factors of 279.
3, 31
List the prime factors of 14948.
2, 37, 101
What are the prime factors of 43124?
2, 10781
What are the prime factors of 20043?
3, 17, 131
What are the prime factors of 7461?
3, 829
What are the prime factors of 589?
19, 31
List the prime factors of 30809.
30809
List the prime factors of 46353.
3, 15451
List the prime factors of 7955.
5, 37, 43
What are the prime factors of 25419?
3, 37, 229
List the prime factors of 1589.
7, 227
What are the prime factors of 10070?
2, 5, 19, 53
List the prime factors of 1975.
5, 79
What are the prime factors of 25938?
2, 3, 11, 131
What are the prime factors of 935?
5, 11, 17
What are the prime factors of 1999?
1999
What are the prime factors of 2109?
3, 19, 37
List the prime factors of 21103.
47, 449
List the prime factors of 2399.
2399
What are the prime factors of 1611?
3, 179
What are the prime factors of 2754?
2, 3, 17
List the prime factors of 30570.
2, 3, 5, 1019
List the prime factors of 11976.
2, 3, 499
List the prime factors of 104335.
5, 7, 11, 271
List the prime factors of 37615.
5, 7523
List the prime factors of 7069.
7069
What are the prime factors of 127015?
5, 7, 19, 191
List the prime factors of 22954.
2, 23, 499
List the prime factors of 10976.
2, 7
What are the prime factors of 517?
11, 47
List the prime factors of 2571.
3, 857
What are the prime factors of 86?
2, 43
List the prime factors of 18007.
11, 1637
List the prime factors of 53900.
2, 5, 7, 11
What are the prime factors of 7325?
5, 293
List the prime factors of 17712.
2, 3, 41
List the prime factors of 36944.
2, 2309
What are the prime factors of 4760?
2, 5, 7, 17
List the prime factors of 885.
3, 5, 59
List the prime factors of 10681.
11, 971
List the prime factors of 108173.
13, 53, 157
List the prime factors of 134281.
7, 19183
List the prime factors of 1610.
2, 5, 7, 23
List the prime factors of 1317.
3, 439
What are the prime factors of 1105?
5, 13, 17
What are the prime factors of 270?
2, 3, 5
What are the prime factors of 1925?
5, 7, 11
What are the prime factors of 796?
2, 199
What are the prime factors of 8357?
61, 137
List the prime factors of 584.
2, 73
What are the prime factors of 10188?
2, 3, 283
List the prime factors of 615.
3, 5, 41
List the prime factors of 289.
17
List the prime factors of 9758.
2, 7, 17, 41
What are the prime factors of 6869?
6869
List the prime factors of 3747.
3, 1249
What are the prime factors of 715?
5, 11, 13
What are the prime factors of 2771?
17, 163
List the prime factors of 2866.
2, 1433
List the prime factors of 1152.
2, 3
List the prime factors of 65757.
3, 23, 953
List the prime factors of 12955.
5, 2591
List the prime factors of 86928.
2, 3, 1811
What are the prime factors of 4411?
11, 401
List the prime factors of 42249.
3, 14083
List the prime factors of 5512.
2, 13, 53
List the prime factors of 121110.
2, 3, 5, 11, 367
List the prime factors of 9787.
9787
List the prime factors of 13759.
13759
What are the prime factors of 4441?
4441
What are the prime factors of 1241?
17, 73
What are the prime factors of 12574?
2, 6287
What are the prime factors of 1043?
7, 149
List the prime factors of 150879.
3, 19, 2647
List the prime factors of 343.
7
List the prime factors of 1746.
2, 3, 97
What are the prime factors of 68?
2, 17
List the prime factors of 2549.
2549
List the prime factors of 47179.
11, 4289
List the prime factors of 1358.
2, 7, 97
What are the prime factors of 20615?
5, 7, 19, 31
List the prime factors of 26210.
2, 5, 2621
What are the prime factors of 1965?
3, 5, 131
List the prime factors of 1070.
2, 5, 107
What are the prime factors of 8284?
2, 19, 109
List the prime factors of 5305.
5, 1061
What are the prime factors of 1706?
2, 853
List the prime factors of 2804.
2, 701
What are the prime factors of 15726?
2, 3, 2621
List the prime factors of 1533.
3, 7, 73
List the prime factors of 2993.
41, 73
List the prime factors of 69409.
31, 2239
List the prime factors of 24215.
5, 29, 167
List the prime factors of 42456.
2, 3, 29, 61
List the prime factors of 16384.
2
List the prime factors of 10548.
2, 3, 293
List the prime factors of 787.
787
What are the prime factors of 801?
3, 89
List the prime factors of 33209.
11, 3019
List the prime factors of 61616.
2, 3851
List the prime factors of 80310.
2, 3, 5, 2677
List the prime factors of 209.
11, 19
List the prime factors of 13524.
2, 3, 7, 23
What are the prime factors of 1287?
3, 11, 13
List the prime factors of 2505.
3, 5, 167
What are the prime factors of 1966?
2, 983
What are the prime factors of 4544?
2, 71
List the prime factors of 9227.
9227
List the prime factors of 37.
37
List the prime factors of 1273.
19, 67
What are the prime factors of 2149?
7, 307
List the prime factors of 692.
2, 173
What are the prime factors of 1345?
5, 269
List the prime factors of 9705.
3, 5, 647
List the prime factors of 3052.
2, 7, 109
List the prime factors of 989.
23, 43
List the prime factors of 32842.
2, 16421
List the prime factors of 2234.
2, 1117
List the prime factors of 599.
599
List the prime factors of 15337.
7, 313
What are the prime factors of 1209?
3, 13, 31
List the prime factors of 8466.
2, 3, 17, 83
What are the prime factors of 414?
2, 3, 23
List the prime factors of 52613.
11, 4783
List the prime factors of 40914.
2, 3, 2273
List the prime factors of 798.
2, 3, 7, 19
What are the prime factors of 4017?
3, 13, 103
List the prime factors of 12018.
2, 3, 2003
List the prime factors of 28540.
2, 5, 1427
What are the prime factors of 7803?
3, 17
What are the prime factors of 168523?
168523
List the prime factors of 5356.
2, 13, 103
What are the prime factors of 857?
857
List the prime factors of 40511.
17, 2383
What are the prime factors of 317?
317
List the prime factors of 2911.
41, 71
What are the prime factors of 3856?
2, 241
What are the prime factors of 6020?
2, 5, 7, 43
List the prime factors of 13934.
2, 6967
List the prime factors of 386.
2, 193
What are the prime factors of 15521?
11, 17, 83
List the prime factors of 3087.
3, 7
List the prime factors of 9385.
5, 1877
What are the prime factors of 22526?
2, 7, 1609
What are the prime factors of 53110?
2, 5, 47, 113
List the prime factors of 943.
23, 41
What are the prime factors of 5546?
2, 47, 59
What are the prime factors of 35420?
2, 5, 7, 11, 23
List the prime factors of 50722.
2, 7, 3623
What are the prime factors of 1145?
5, 229
List the prime factors of 55936.
2, 19, 23
What are the prime factors of 13353?
3, 4451